hen 35 is divided by u(-7).
8
Calculate the remainder when (-3)/((144/(-444))/4) is divided by 18.
1
Let p = 40 + -4. Suppose h = -2*h + 318. Calculate the remainder when h is divided by p.
34
Let k(s) = 16*s + 303. What is the remainder when k(-9) is divided by 81?
78
Let h = -13 + 28. Let r = -2 - -1. What is the remainder when 21*(8/(-6))/r is divided by h?
13
Let g(p) = p**2 + 14*p - 37. Calculate the remainder when 41 is divided by g(-17).
13
Let a(j) = -3*j**3 - 5*j**2 - 7*j - 3. Calculate the remainder when a(-3) is divided by 25.
4
Suppose 57*x - 1353 = 6342. What is the remainder when x is divided by 120?
15
Let y(j) be the second derivative of j**4/2 + j**3/2 + 3*j**2/2 + 10*j. Let w be y(-2). Suppose -53 = -2*d + w. Calculate the remainder when d is divided by 8.
5
Suppose -2*s = -3*s + 4. Suppose -s*z = 2*t + t + 17, -t - 9 = 3*z. Calculate the remainder when (11/(-4))/(z/8) is divided by 4.
3
Suppose 2*s = -3*b + 4, -2*b + 3*s - 3 = 3. Suppose -z + 5 + 16 = 0. What is the remainder when z is divided by 4 + b/3 + 0?
1
Let x = -80 + 82. Suppose 86 - x = 3*u. What is the remainder when u is divided by 10?
8
Suppose 2*z - 3*p = 26, 4*z - 3*p = 3*z + 13. Suppose z = h - 4. Calculate the remainder when h is divided by (-9)/18 - 13/(-2).
5
Let j(p) = -14*p + 910. Calculate the remainder when j(47) is divided by 11.
10
What is the remainder when 40 is divided by 240/(-32)*((-14)/5 - -2)?
4
Let k(w) = -w**2 - 7*w + 8. Let x be k(-7). Let j = 11 - x. Suppose 130 = j*s + 37. What is the remainder when s is divided by 17?
14
Let s(i) = 6*i**3 - 3*i**2 + 7*i - 1. What is the remainder when 144 is divided by s(2)?
46
Let a = 21 - 15. Let n = -24 + 31. Suppose 4*w - 51 = -3*m, -2*m - 2*w + 27 = -n. What is the remainder when m is divided by a?
5
Suppose 3*d = w - 62, 3*w - d + 0*d = 194. Let s = -47 + w. Calculate the remainder when 32 is divided by s.
14
Calculate the remainder when (11 - -7)/(8/44) is divided by 10.
9
Let v = 232 + -214. What is the remainder when 52 is divided by v?
16
Suppose g - 273 = 845. Calculate the remainder when g is divided by 70.
68
Let i(y) = y**2 - 4*y + 5. Let n be i(4). Suppose 0 = -n*c - 52 + 182. Let f = 51 - c. What is the remainder when f is divided by 7?
4
Suppose -x - 8 = -5*x, -x + 342 = 4*y. Suppose -5*m - y = -2*h, -5*m = 5*h + 5 - 165. What is the remainder when h is divided by 10?
5
Suppose 523 = -5*c - 152. Let w be (-30)/c + 526/(-18). Let f = 45 + w. Calculate the remainder when 30 is divided by f.
14
Let x(f) = 3*f**3 + 18*f**2 + 11. Calculate the remainder when x(-5) is divided by 15.
11
Let b be (4 + 9/(-6))*6. Let n = b + -3. Calculate the remainder when 3/((-9)/(-6)) - -33 is divided by n.
11
Let b = 68 + -46. Calculate the remainder when 20 is divided by (3 - 15/6)*b.
9
Let w = 571 + -342. Suppose 699 = 5*r + w. What is the remainder when r is divided by 24?
22
Suppose 9*i - 4*i = 540. What is the remainder when 33 is divided by (18/(-8))/(i/(-32) + 3)?
3
Let u be ((-80)/6)/(-2 + 4/3). Let n = 62 - u. What is the remainder when 83 is divided by n?
41
Suppose i + 0*i = 17. Suppose -b + 78 = -f, 6*b - 7*b = 2*f - 93. Calculate the remainder when b is divided by i.
15
Suppose -11 = -5*d - k, -4*d + 2*k = -k - 24. Let c = -33 + 55. Let t = -16 + c. Calculate the remainder when t is divided by d.
0
Let y(o) = o**3 - 7*o**2 + 3*o + 2. Let z(a) = -a**3 - 5*a**2 + 7. Let p be z(-5). Calculate the remainder when 6*(3 + -2 + 10) is divided by y(p).
20
Suppose 133 = 5*f - 17. Suppose 23*w + f = 24*w. Let q = -26 + w. What is the remainder when 6 is divided by q?
2
Let k(y) = 5*y**3 - 2*y**2 + 4*y - 1. Let g(j) = 2*j**2 - 2*j - 2. What is the remainder when g(4) is divided by k(1)?
4
What is the remainder when 95 is divided by (-1 + 2)*(5 - 50/(-5))?
5
Suppose 72 = 2*c + 2*j, -2*c + 63 = -3*j - 14. Let o(k) = k**2 - 21*k - 44. Let l be o(18). Let i = l - -108. What is the remainder when c is divided by i?
7
Calculate the remainder when 110 is divided by 12/8 + (-5)/(-10) - -13.
5
Suppose 6*q - 28 = 3*q + 2*i, 2*i + 4 = 0. Suppose -q = 6*l - 98. What is the remainder when l is divided by 6?
3
Calculate the remainder when 0*(-1)/(-2) + -34 + 199 is divided by 14.
11
Let g(m) = 33*m**3 + m**2 - m. Let r = 48 + -47. What is the remainder when 62 is divided by g(r)?
29
Let k = -18 - -20. Let d(q) = q**3 + 11*q**2 + 7*q - 10. Let n be d(-9). Suppose 0 = -2*g - 4, k*x = 2*g + n - 23. What is the remainder when x is divided by 8?
7
Let s = 1309 + -1296. Calculate the remainder when 139 is divided by s.
9
Calculate the remainder when -12*(-12)/9*34/4 is divided by 55.
26
Let v(c) = -c + 5467 - 5473 - 5*c. Let z be (-2 - (-6)/5)*5. What is the remainder when v(z) is divided by 11?
7
Suppose 3*g + 5*j = -6, g + g = 4*j + 18. Let x = g - 1. Suppose -3*u - l + 41 = 0, -u + 27 = -l - x*l. Calculate the remainder when u is divided by 9.
6
Let c(r) = -59*r - 143. Calculate the remainder when c(-11) is divided by 51.
47
Let b(n) = n**3 - 9*n**2 + n + 7. Let t be b(9). Suppose d - 48 + t = 0. Let w = -46 + 57. What is the remainder when d is divided by w?
10
Suppose 4*m + p = 3127, m - 5*p - 536 = 251. Calculate the remainder when m is divided by 28.
26
Let g = 60 + -44. What is the remainder when 54 is divided by (4/g - 15/12) + 29?
26
Suppose -2249 = -9*u + 1054. What is the remainder when u is divided by 12?
7
Suppose 4*t = 5*s - 250, 2*s - 137 = -s + 5*t. Let g(o) = -o**3 - 3*o**2 - 5. Let c(i) = -2*i. Let u be c(2). Calculate the remainder when s is divided by g(u).
10
Suppose 0 = 5*o - 4*z - 16, -5*z + 4 = 24. Suppose -x = -o*x - a - 3, -4*x + 5*a + 10 = 0. What is the remainder when 7 is divided by x?
2
Let m be 14 - (0 + (-1 - (-4)/1)). Let y(k) = k**3 - 9*k**2 - 9*k - 23. Let b(o) = o**2 + o + 1. What is the remainder when y(m) is divided by b(-6)?
27
Let m(h) = -h**2 + 10*h - 20. Let y be m(8). Calculate the remainder when (376/16)/((-2)/y) is divided by 13.
8
Let x(t) be the second derivative of -10*t**3/3 + 3*t**2 + 24*t. Let i = 6 - 11. What is the remainder when x(i) is divided by 27?
25
Let z(x) = -x**3 + 19*x**2 - 16*x - 24. Let m be z(18). Calculate the remainder when 25 is divided by -3 + 7/(7/m).
7
Suppose -76 + 43 = -h. Calculate the remainder when h is divided by 25.
8
Suppose -18*a + 85 = -167. Calculate the remainder when 81 is divided by a.
11
Suppose 3*q = -q - s + 63, -5*q + 4*s = -84. Suppose 0 = 15*k - 308 - 442. What is the remainder when k is divided by 2*(-3)/(-6) + q?
16
Suppose 5*h - 4*q - 102 = 0, -h = -5*q - 7 - 5. What is the remainder when h is divided by 6?
4
Let q = 15 - 12. Suppose -q - 1 = -2*h. Suppose f = h*i - 23, -30 = -4*i + f + 19. Calculate the remainder when i is divided by 5.
3
Let w = 117 + -103. Suppose 0*c - 20 = -4*c. Suppose -w = -c*v + 66. What is the remainder when 47 is divided by v?
15
Suppose -4*w + 2*t = 10, -w - 3*w - 5*t + 25 = 0. Suppose w = -0*k - 2*k + 136. Calculate the remainder when k is divided by 24.
20
Suppose 5*o - 9 - 11 = 0, -4*s = 2*o - 104. Let m = 39 - s. Let t = 28 - m. What is the remainder when 50 is divided by t?
11
Let v = 314 - 308. Calculate the remainder when 363 is divided by v.
3
Suppose 4*j = -2*u + 1396 - 102, -5*u - 5 = 0. Calculate the remainder when j is divided by 47.
42
Let k(q) = 3*q - 7. Let j be k(9). Calculate the remainder when 47*1 + -4 + j/5 is divided by 17.
13
Suppose 9*l = 7*l + 8. Suppose 0 = -o + 7 + l. What is the remainder when 20 is divided by o?
9
Suppose 2*m - 2*g - 41 = -15, -4*g + 53 = 3*m. Calculate the remainder when 26 is divided by m.
11
Let o = -353 + 432. What is the remainder when o is divided by 10?
9
Let f(q) = 8*q**2 - q + 1. Calculate the remainder when f(3) is divided by 72/(-15)*(-55)/22.
10
Let u(n) = n**3 + 3*n**2 + 6*n + 4. Let m(l) = l**3 + 2*l**2 + 7*l + 3. Let k(a) = 3*m(a) - 4*u(a). What is the remainder when 27 is divided by k(-6)?
5
Let z(n) = -n**3 + 9*n**2 - 7*n - 4. What is the remainder when z(7) is divided by 38?
7
Let g be (13 + -5 - 4)*(-1)/(-2). Suppose -d = -g, -4*r - 3*d = -d - 232. Calculate the remainder when r is divided by 12.
9
Suppose 2*i + 6 = q, 4 = -3*q - 3*i - 14. Let p = 4 - q. Let n(s) = -s**2 - 9*s - 1. Calculate the remainder when n(-6) is divided by p.
5
Let 